 3940 a factor of 351581960?
True
Is 167867163 a multiple of 6728?
False
Does 2499 divide 90546267?
True
Is 19054898 a multiple of 73?
True
Does 129 divide 15948496?
False
Is 1208300 a multiple of 860?
True
Is 114 a factor of 4821001?
False
Is 23 a factor of 58270018?
False
Is 31 a factor of 23103587?
True
Is 32 a factor of 81262368?
True
Does 4253 divide 477148323?
True
Is 76590475 a multiple of 12?
False
Is 23 a factor of 41704748?
False
Is 76 a factor of 9606584?
False
Does 6805 divide 2230798493?
False
Is 84548445 a multiple of 344?
False
Is 788 a factor of 823711372?
True
Is 92079455 a multiple of 60?
False
Does 7 divide 19911934?
True
Is 20857366 a multiple of 46?
True
Does 45 divide 154397025?
True
Does 12 divide 2835618048?
True
Is 319 a factor of 1268344319?
True
Is 908 a factor of 169134976?
True
Does 8 divide 107896720?
True
Is 1166 a factor of 16545033?
False
Does 9 divide 117012366?
True
Is 26847549 a multiple of 181?
True
Is 7213524 a multiple of 12?
True
Is 493 a factor of 31957973?
False
Is 703 a factor of 44466248?
False
Does 548 divide 61704464?
False
Does 138 divide 2997447?
False
Does 5791 divide 51133920?
False
Is 3 a factor of 25867278?
True
Does 113 divide 309474117?
True
Is 15 a factor of 125992995?
True
Does 118 divide 38595794?
True
Is 47394344 a multiple of 1923?
False
Does 22 divide 19795359?
False
Is 4 a factor of 59924808?
True
Is 68474808 a multiple of 2259?
True
Does 989 divide 251974789?
False
Is 10 a factor of 129860956?
False
Does 21 divide 1404872553?
True
Is 1427991001 a multiple of 29?
True
Is 212475594 a multiple of 426?
True
Does 11 divide 52979861?
True
Is 140170045 a multiple of 73?
False
Is 1229033078 a multiple of 7?
True
Is 93 a factor of 220170625?
False
Is 23998356 a multiple of 54?
True
Is 48 a factor of 5344948?
False
Does 83 divide 329023901?
False
Is 8 a factor of 739492982?
False
Is 51268427 even?
False
Does 16 divide 9984112?
True
Is 340 a factor of 29216880?
True
Does 10 divide 4464350?
True
Is 281788715 a multiple of 2005?
True
Is 86561520 a multiple of 913?
False
Is 2696 a factor of 502701552?
True
Is 2475 a factor of 20012850?
True
Is 31814942 a multiple of 437?
False
Is 8 a factor of 10331072?
True
Is 30309714 a multiple of 9?
True
Is 14 a factor of 411251369?
False
Is 563 a factor of 2061706?
True
Is 361508282 a multiple of 2855?
False
Is 74428494 a multiple of 21?
True
Is 12 a factor of 89200255?
False
Is 53580684 a multiple of 57?
True
Does 95 divide 39048230?
True
Is 47 a factor of 186742129?
False
Is 26 a factor of 30884724?
True
Is 152 a factor of 356713448?
True
Is 462 a factor of 301380618?
True
Is 13 a factor of 101579982?
False
Does 13 divide 184544451?
True
Is 10427963 a multiple of 462?
False
Does 15 divide 110303490?
True
Is 30294792 a multiple of 72?
True
Does 24 divide 29770775?
False
Is 2257789565 a multiple of 283?
True
Is 25765361 a multiple of 48?
False
Does 144 divide 327450834?
False
Does 211 divide 36996820?
False
Does 118 divide 1422323?
False
Is 481 a factor of 666185?
True
Does 155 divide 147302546?
False
Is 4359002585 a multiple of 35?
True
Is 106233570 a multiple of 90?
True
Is 15 a factor of 43129477?
False
Is 960970998 a multiple of 367?
False
Is 418 a factor of 341187902?
True
Is 855086870 a multiple of 3014?
True
Is 28 a factor of 266203196?
True
Is 35 a factor of 2416114207?
False
Is 106170561 a multiple of 1281?
True
Is 199 a factor of 1642463434?
False
Does 863 divide 43437815?
False
Does 3339 divide 210640815?
True
Is 25 a factor of 4504322?
False
Does 14 divide 208983684?
True
Is 18324416 a multiple of 16?
True
Is 384034769 a multiple of 210?
False
Is 55944065 a multiple of 401?
False
Is 48 a factor of 392548944?
True
Does 454 divide 1748013?
False
Is 46 a factor of 227691957?
False
Is 45 a factor of 4472660?
False
Is 4390455 a multiple of 145?
True
Does 2615 divide 673506325?
True
Is 823294004 a multiple of 2627?
False
Is 1977739232 a multiple of 28?
True
Does 21 divide 538260492?
True
Does 1827 divide 12617797?
False
Is 957664800 a multiple of 6900?
True
Does 19 divide 3525628?
False
Is 837361920 a multiple of 2351?
False
Is 16 a factor of 59006575?
False
Is 2098002202 a multiple of 23?
False
Is 18 a factor of 6756898698?
True
Does 619 divide 6461741?
True
Is 12 a factor of 4379125577?
False
Does 33 divide 1275058158?
True
Is 9792 a factor of 333877824?
True
Is 230 a factor of 79130309?
False
Is 12 a factor of 534500004?
True
Is 306090379 a multiple of 15?
False
Is 702 a factor of 204798672?
True
Is 92853045 a multiple of 3?
True
Does 1289 divide 84013453?
False
Does 60 divide 2060499280?
False
Is 210778350 a multiple of 30?
True
Is 1032 a factor of 463486072?
False
Is 338 a factor of 14474850?
True
Is 224795979 a multiple of 2355?
False
Does 7 divide 256899956?
False
Is 1848769250 a multiple of 24?
False
Does 105 divide 186254880?
True
Does 6 divide 5052444?
True
Is 15293885 a multiple of 271?
True
Is 689713178 a multiple of 456?
False
Does 9949 divide 1032278393?
True
Is 3301829920 a multiple of 347?
True
Is 794 a factor of 14226892?
True
Is 23 a factor of 50110767?
True
Does 105 divide 1277028900?
True
Is 38737761 a multiple of 1021?
True
Is 671 a factor of 85235464?
False
Is 51569570 a multiple of 45?
False
Is 31 a factor of 1925596?
True
Does 34 divide 1185703964?
True
Is 51714231 a multiple of 3?
True
Is 108874634 a multiple of 953?
False
Is 1240603384 a multiple of 236?
True
Is 76 a factor of 154696503?
False
Does 10573 divide 1031639329?
True
Does 101 divide 3816631430?
True
Does 19 divide 9857694?
True
Is 31954284 a multiple of 36?
True
Is 152001628 a multiple of 181?
True
Is 116308198 a multiple of 3?
False
Does 746 divide 61078960?
False
Does 120 divide 792034?
False
Does 1358 divide 2163805966?
True
Does 4 divide 29828116?
True
Is 79 a factor of 676335295?
False
Is 627830710 a multiple of 69?
False
Does 70 divide 20639480?
False
Is 11 a factor of 32456995?
False
Is 580865016 a multiple of 13?
False
Is 714 a factor of 929536351?
False
Does 200 divide 74615200?
True
Does 2037 divide 374128919?
False
Is 13 a factor of 121651698?
False
Is 23977415 a multiple of 451?
True
Is 94325584 a multiple of 16?
True
Does 505 divide 43494640?
True
Is 46 a factor of 333103331?
False
Is 558 a factor of 26093706?
False
Is 1751704151 a multiple of 4?
False
Is 15 a factor of 18630949?
False
Is 64533819 a multiple of 6?
False
Is 33148149 a multiple of 48?
False
Is 9 a factor of 282975021?
True
Is 550202616 a multiple of 7134?
True
Does 780 divide 106070069?
False
Is 1771 a factor of 13822384?
False
Does 434 divide 926765334?
False
Does 3323 divide 443570655?
True
Is 6 a factor of 2114424?
True
Does 2930 divide 40955667?
False
Is 747 a factor of 1849202068?
False
Does 856 divide 57313480?
True
Is 18 a factor of 1644720894?
True
Is 57077555 a multiple of 2279?
True
Is 124576578 a multiple of 42?
True
Does 125 divide 35507134?
False
Is 6 a factor of 20244312?
True
Is 49 a factor of 38660461?
True
Is 99431024 a multiple of 92?
True
Does 100 divide 363087700?
True
Does 2109 divide 33341280?
False
Does 306 divide 58946?
False
Is 603344726 a multiple of 1478?
True
Is 2544987509 a multiple of 379?
False
Does 23 divide 44957893?
True
Is 275 a factor of 245772494?
False
Is 13571731 a multiple of 131?
True
Does 110 divide 2492280284?
False
Is 317269328 a multiple of 10?
False
Is 614171472 a multiple of 2084?
True
Is 624 a factor of 387347808?
False
Is 4493 a factor of 252866040?
True
Is 155 a factor of 15859524?
False
Is 21734520 a multiple of 120?
True
Does 48 divide 84751112?
False
Is 15399753 a multiple of 57?
False
Is 7 a factor of 4374928?
False
Is 44 a factor of 6890216009?
False
Is 99839392 a multiple of 4?
True
Does 27 divide 117616413?
False
Does 339 divide 20424334?
False
Does 8 divide 109188050?
False
Does 248 divide 4209056?
True
Is 1071153 a multiple of 12?
False
Is 137883498 a multiple of 68?
False
Is 288883860 a multiple of 60?
True
Is 4479 a factor of 513293400?
True
Does 36 divide 687040242?
False
Is 16 a factor of 130197064?
False
Does 471 divide 47248288?
False
Does 14 divide 218186042?
False
Is 3 a factor of 736414679?
False
Is 160771264 a multiple of 10?
False
Is 360989825 a multiple of 199?
False
Is 2186 a factor of 1069476454?
True
Does 3523 